.
5, 487
What are the prime factors of 3066634?
2, 29, 37, 1429
List the prime factors of 128220.
2, 3, 5, 2137
List the prime factors of 311634.
2, 3, 29, 199
What are the prime factors of 1058228?
2, 61, 4337
What are the prime factors of 14335?
5, 47, 61
List the prime factors of 1430287.
1430287
What are the prime factors of 2771664?
2, 3, 7, 73, 113
List the prime factors of 27652281.
3, 9217427
What are the prime factors of 5311679?
109, 48731
What are the prime factors of 193639?
83, 2333
What are the prime factors of 9623263?
13, 53, 13967
What are the prime factors of 4667666?
2, 23, 29, 3499
What are the prime factors of 3454743?
3, 1151581
List the prime factors of 483937.
483937
What are the prime factors of 11269773?
3, 139133
List the prime factors of 14755833.
3, 821, 1997
What are the prime factors of 661340?
2, 5, 43, 769
List the prime factors of 1584856.
2, 7, 13, 311
What are the prime factors of 6079669?
97, 233, 269
List the prime factors of 36295.
5, 7, 17, 61
What are the prime factors of 2326664?
2, 19, 15307
What are the prime factors of 605827?
43, 73, 193
List the prime factors of 25379363.
251, 101113
List the prime factors of 271962.
2, 3, 29, 521
What are the prime factors of 194635?
5, 7, 67, 83
What are the prime factors of 3223537?
3223537
List the prime factors of 201413.
201413
List the prime factors of 44309.
59, 751
List the prime factors of 345904.
2, 13, 1663
What are the prime factors of 597617?
61, 97, 101
What are the prime factors of 1377786?
2, 3, 229631
List the prime factors of 110795.
5, 22159
What are the prime factors of 12042112?
2, 94079
List the prime factors of 1007716.
2, 191, 1319
List the prime factors of 15586235.
5, 7, 445321
List the prime factors of 227683.
223, 1021
What are the prime factors of 116405?
5, 31, 751
What are the prime factors of 1686309?
3, 562103
What are the prime factors of 9548773?
13, 19, 67, 577
List the prime factors of 1188324.
2, 3, 11003
List the prime factors of 8190622.
2, 11, 23, 16187
List the prime factors of 2005965.
3, 5, 13, 127
What are the prime factors of 562056?
2, 3, 11, 2129
What are the prime factors of 433809?
3, 16067
What are the prime factors of 219668?
2, 54917
What are the prime factors of 319992?
2, 3, 67, 199
What are the prime factors of 289095?
3, 5, 19273
List the prime factors of 22462115.
5, 13, 345571
What are the prime factors of 20003420?
2, 5, 1000171
List the prime factors of 2666058.
2, 3, 444343
What are the prime factors of 15324991?
11, 1393181
List the prime factors of 466897.
466897
List the prime factors of 961491.
3, 41, 7817
List the prime factors of 136441.
47, 2903
List the prime factors of 615904.
2, 19, 1013
List the prime factors of 889436.
2, 229, 971
List the prime factors of 1199556.
2, 3, 29, 383
List the prime factors of 10150.
2, 5, 7, 29
List the prime factors of 972972.
2, 3, 7, 11, 13
List the prime factors of 106660.
2, 5, 5333
List the prime factors of 180038.
2, 90019
What are the prime factors of 685085?
5, 181, 757
List the prime factors of 482894.
2, 83, 2909
What are the prime factors of 291989?
31, 9419
What are the prime factors of 1903264?
2, 11, 5407
List the prime factors of 269867.
13, 20759
What are the prime factors of 308926?
2, 83, 1861
List the prime factors of 206074.
2, 11, 17, 19, 29
List the prime factors of 179403.
3, 7, 8543
List the prime factors of 1095017.
7, 11, 14221
List the prime factors of 140452.
2, 13, 37, 73
What are the prime factors of 772856?
2, 7, 37, 373
List the prime factors of 254635.
5, 127, 401
List the prime factors of 3550691.
3550691
What are the prime factors of 31204996?
2, 17, 458897
What are the prime factors of 704334?
2, 3, 117389
What are the prime factors of 660171?
3, 220057
List the prime factors of 24071307.
3, 13, 227, 2719
List the prime factors of 7377992.
2, 109, 8461
What are the prime factors of 1065025?
5, 13, 29, 113
What are the prime factors of 7892917?
7892917
What are the prime factors of 1442338?
2, 721169
List the prime factors of 18297902.
2, 7, 569, 2297
What are the prime factors of 344624?
2, 7, 17, 181
What are the prime factors of 98826?
2, 3, 7, 13, 181
List the prime factors of 2399119.
2399119
What are the prime factors of 159339?
3, 53113
List the prime factors of 587621.
587621
What are the prime factors of 3602833?
13, 191, 1451
List the prime factors of 7451342.
2, 521, 7151
List the prime factors of 1620532.
2, 151, 2683
What are the prime factors of 3679655?
5, 7, 23, 653
What are the prime factors of 19207657?
7, 29, 1931
List the prime factors of 232112.
2, 89, 163
List the prime factors of 1307830.
2, 5, 130783
List the prime factors of 5232177.
3, 581353
What are the prime factors of 7930622?
2, 7, 109, 5197
What are the prime factors of 90979?
7, 41, 317
List the prime factors of 516067.
41, 307
List the prime factors of 4287712.
2, 11, 13, 937
List the prime factors of 1341151.
7, 41, 4673
List the prime factors of 405656.
2, 50707
What are the prime factors of 644268?
2, 3, 53, 1013
List the prime factors of 8399778.
2, 3, 1399963
What are the prime factors of 1740519?
3, 11, 17581
List the prime factors of 6771791.
13, 193, 2699
List the prime factors of 3487740.
2, 3, 5, 58129
What are the prime factors of 367613?
367613
List the prime factors of 657002.
2, 67, 4903
List the prime factors of 5820659.
13, 447743
List the prime factors of 1177263.
3, 130807
What are the prime factors of 275757?
3, 17, 5407
What are the prime factors of 6139184?
2, 29, 101, 131
What are the prime factors of 4187224?
2, 523403
List the prime factors of 130043.
130043
List the prime factors of 7863438.
2, 3, 11, 283, 421
What are the prime factors of 3472275?
3, 5, 67, 691
What are the prime factors of 1482520?
2, 5, 13, 2851
What are the prime factors of 553744?
2, 53, 653
What are the prime factors of 10588879?
7, 43, 127, 277
List the prime factors of 869900.
2, 5, 8699
List the prime factors of 19550739.
3, 13, 31, 103, 157
What are the prime factors of 260133?
3, 86711
List the prime factors of 990341.
11, 90031
What are the prime factors of 1372063?
7, 11, 103, 173
What are the prime factors of 1726459?
7, 246637
List the prime factors of 2873378.
2, 29, 107, 463
What are the prime factors of 896572?
2, 19, 47, 251
List the prime factors of 146674.
2, 11, 59, 113
List the prime factors of 26138236.
2, 6534559
List the prime factors of 7456613.
7456613
List the prime factors of 1491872.
2, 23, 2027
What are the prime factors of 771379?
7, 263, 419
What are the prime factors of 169634?
2, 89, 953
List the prime factors of 1145893.
7, 313, 523
What are the prime factors of 10351000?
2, 5, 11, 941
List the prime factors of 980930.
2, 5, 233, 421
What are the prime factors of 29176389?
3, 11, 193, 509
What are the prime factors of 10572221?
11, 89, 10799
List the prime factors of 14495.
5, 13, 223
What are the prime factors of 6656292?
2, 3, 23, 8039
List the prime factors of 185575.
5, 13, 571
What are the prime factors of 776166?
2, 3, 129361
What are the prime factors of 1218113?
13, 93701
List the prime factors of 154746.
2, 3, 8597
List the prime factors of 431034.
2, 3, 19, 199
What are the prime factors of 1585163?
761, 2083
What are the prime factors of 347534?
2, 11, 15797
What are the prime factors of 267768?
2, 3, 3719
List the prime factors of 4208195.
5, 23, 37, 43
What are the prime factors of 346433?
346433
List the prime factors of 194360.
2, 5, 43, 113
What are the prime factors of 2434398?
2, 3, 631, 643
What are the prime factors of 5103514?
2, 13, 19, 10331
List the prime factors of 547199.
173, 3163
What are the prime factors of 545139?
3, 7, 17, 509
List the prime factors of 293380.
2, 5, 14669
List the prime factors of 375879.
3, 7, 2557
What are the prime factors of 105775?
5, 4231
List the prime factors of 434367.
3, 17, 167
What are the prime factors of 292198?
2, 146099
What are the prime factors of 3489969?
3, 7, 166189
List the prime factors of 437044.
2, 37, 2953
What are the prime factors of 1577465?
5, 315493
What are the prime factors of 522847?
13, 37, 1087
List the prime factors of 447703.
447703
What are the prime factors of 353355?
3, 5, 23557
List the prime factors of 94201.
94201
What 